 a composite number?
True
Is 44011 composite?
True
Is 413629 composite?
False
Is 307883 composite?
True
Is 26813 composite?
False
Is 22373 a composite number?
True
Is 39569 prime?
True
Is 20477 composite?
False
Is 31 a composite number?
False
Is 251299 a composite number?
True
Is 396833 composite?
False
Is 74713 prime?
True
Is 59431 a prime number?
False
Is 10771 a prime number?
True
Is 25697 a prime number?
False
Is 1328909 prime?
True
Is 49849 a prime number?
False
Is 5513 a prime number?
False
Is 77191 a prime number?
True
Is 190469 a prime number?
False
Is 16222 composite?
True
Is 3293 composite?
True
Is 124921 a prime number?
False
Is 377911 composite?
False
Is 25841 a composite number?
False
Is 84923 prime?
False
Is 1529227 composite?
True
Is 7591 prime?
True
Is 2168347 composite?
False
Is 52467 prime?
False
Is 93019 composite?
True
Is 297133 a composite number?
False
Is 96893 a prime number?
True
Is 18805 prime?
False
Is 94337 a prime number?
False
Is 333211 prime?
False
Is 43867 composite?
False
Is 8059 a prime number?
True
Is 1675045 composite?
True
Is 6259 a composite number?
True
Is 33457 composite?
False
Is 30949 composite?
False
Is 10547 a prime number?
False
Is 11099 a composite number?
True
Is 775867 a prime number?
False
Is 1333 composite?
True
Is 11207 composite?
True
Is 74967 composite?
True
Is 7453 a prime number?
False
Is 32887 a prime number?
True
Is 328351 a prime number?
False
Is 46313 prime?
False
Is 15959 a composite number?
False
Is 400973 prime?
False
Is 479131 a composite number?
False
Is 159307 a composite number?
True
Is 8989 a prime number?
False
Is 479059 a prime number?
False
Is 618059 a composite number?
True
Is 280243 a prime number?
True
Is 33121 a composite number?
True
Is 1321817 composite?
True
Is 105407 composite?
False
Is 287327 prime?
True
Is 148345 prime?
False
Is 46801 composite?
True
Is 23794 prime?
False
Is 35729 composite?
False
Is 103533 a prime number?
False
Is 35077 a prime number?
False
Is 3563 prime?
False
Is 648481 composite?
False
Is 13873 a prime number?
True
Is 72997 a prime number?
True
Is 9901 a prime number?
True
Is 28453 prime?
False
Is 112949 a prime number?
False
Is 775711 prime?
True
Is 268969 a prime number?
True
Is 280403 a composite number?
True
Is 801037 composite?
False
Is 265 a prime number?
False
Is 399979 prime?
True
Is 130937 prime?
False
Is 17813 a composite number?
True
Is 1901 composite?
False
Is 188249 a prime number?
True
Is 11885 a prime number?
False
Is 15063 prime?
False
Is 103333 prime?
True
Is 7697 prime?
False
Is 8251 composite?
True
Is 1397 a composite number?
True
Is 65761 a composite number?
False
Is 20317 composite?
True
Is 132679 a composite number?
False
Is 31013 a prime number?
True
Is 11657 a composite number?
False
Is 38851 a composite number?
False
Is 36151 a composite number?
False
Is 739 a prime number?
True
Is 15343 a prime number?
False
Is 84547 prime?
False
Is 7253 prime?
True
Is 163201 a prime number?
False
Is 593239 composite?
True
Is 257 a composite number?
False
Is 2129 a composite number?
False
Is 39521 a prime number?
True
Is 49091 prime?
False
Is 1262 composite?
True
Is 394431 prime?
False
Is 415709 composite?
True
Is 139483 prime?
True
Is 5357 composite?
True
Is 3711 composite?
True
Is 111721 a composite number?
False
Is 34139 prime?
False
Is 324799 a composite number?
False
Is 1594 composite?
True
Is 44167 a composite number?
True
Is 1460947 a prime number?
False
Is 10771 a prime number?
True
Is 21767 composite?
False
Is 4783 prime?
True
Is 23423 composite?
True
Is 1867553 composite?
False
Is 44351 composite?
False
Is 288871 composite?
True
Is 227489 a composite number?
False
Is 7108933 prime?
False
Is 14953 a prime number?
False
Is 17455 prime?
False
Is 13997 composite?
False
Is 3967 composite?
False
Is 123463 a prime number?
False
Is 93083 a composite number?
False
Is 17377 prime?
True
Is 45487 prime?
False
Is 22565 a composite number?
True
Is 22189 a prime number?
True
Is 4181 composite?
True
Is 2981887 a prime number?
True
Is 46049 a composite number?
False
Is 802159 a composite number?
False
Is 9533 composite?
False
Is 179591 composite?
False
Is 8039 a composite number?
False
Is 22937 a prime number?
True
Is 60007 prime?
False
Is 1151 a prime number?
True
Is 6377 a composite number?
True
Is 15187 composite?
False
Is 6213601 a composite number?
False
Is 5191 a prime number?
False
Is 104891 prime?
True
Is 7709 prime?
False
Is 15107 composite?
False
Is 2512499 prime?
False
Is 189733 composite?
False
Is 2361 a composite number?
True
Is 555029 prime?
True
Is 20819 prime?
False
Is 87695 composite?
True
Is 5223 a prime number?
False
Is 2153 a composite number?
False
Is 40465 a composite number?
True
Is 69577 composite?
True
Is 8691 composite?
True
Is 79669 composite?
False
Is 36037 prime?
True
Is 23249 composite?
True
Is 12981 a prime number?
False
Is 30089 a composite number?
False
Is 7513 composite?
True
Is 167711 a prime number?
True
Is 5299 composite?
True
Is 126059 a prime number?
False
Is 48803 composite?
True
Is 2159 composite?
True
Is 1135891 composite?
False
Is 563689 prime?
False
Is 76331 a prime number?
False
Is 40151 a prime number?
True
Is 8353 prime?
True
Is 354107 a composite number?
True
Is 79609 a prime number?
True
Is 224291 a composite number?
False
Is 1824989 a composite number?
False
Is 2633987 prime?
True
Is 72685 a prime number?
False
Is 737021 prime?
False
Is 9851 a prime number?
True
Is 1607321 composite?
False
Is 7323 composite?
True
Is 4111 a prime number?
True
Is 1361 composite?
False
Is 62437 composite?
True
Is 3149 composite?
True
Is 233 a prime number?
True
Is 198133 a composite number?
True
Is 1111837 composite?
True
Is 156323 a prime number?
False
Is 10267 a composite number?
False
Is 226645 a composite number?
True
Is 62581 composite?
False
Is 781003 prime?
True
Is 1944713 composite?
False
Is 489173 prime?
False
Is 193283 composite?
False
Is 52163 a composite number?
False
Is 26513 a prime number?
True
Is 147851 a composite number?
True
Is 13093 composite?
False
Is 47581 prime?
True
Is 2640041 a composite number?
False
Is 119545 prime?
False
Is 871 prime?
False
Is 162971 prime?
True
Is 42079 prime?
False
Is 65053 a prime number?
True
Is 2579 composite?
False
Is 88547 prime?
True
Is 466703 a composite number?
True
Is 35759 composite?
False
Is 385811 a composite number?
False
Is 104449 a composite number?
True
Is 2956163 a composite number?
True
Is 553 a composite number?
True
Is 55127 a composite number?
False
Is 22013 prime?
True
Is 18227 composite?
True
Is 1785541 prime?
True
Is 331799 a prime number?
False
Is 1551577 composite?
False
Is 1735 a composite number?
True
Is 44071 prime?
True
Is 38667 a prime number?
False
Is 15989 a prime number?
False
Is 9310449 a prime number?
False
Is 141211 composite?
True
Is 8674 a prime number?
False
Is 15623 a prime number?
False
Is 226657 composite?
False
Is 265987 prime?
True
Is 559747 composite?
False
Is 12813 a prime number?
False
Is 13081 composite?
True
Is 45707 prime?
True
Is 646829 prime?
False
Is 184553 a prime number?
True
Is 212582 a prime number?
False
Is 1316869 composite?
False
Is 564221 composite?
True
Is 97 a prime number?
True
Is 1931 a prime number?
True
Is 13911 prime?
False
Is 7522 prime?
False
Is 33827 a composite number?
False
Is 67498 a composite number?
True
Is 400321 composite?
False
Is 25301 composite?
False
Is 98203 prime?
False
Is 373823 composite?
False
Is 1236955 composite?
True
Is 181462 a composite number?
True
Is 4711 composite?
True
Is 176651 composite?
False
Is 107669 composite?
True
Is 12841 composite?
False
Is 233131 prime?
False
Is 144787 composite?
True
Is 1807801 a prime number?
False
Is 127345 composite?
True
Is 347181 a composite number?
True
Is 34649 composite?
False
Is 4187213 a composite number?
False
Is 115006 prime?
False
Is 326 a prime number?
False
Is 107233 a composite number?
True
Is 6941 a prime number?
False
Is 381343 a composite number?
False
Is 8941 prime?
True
Is 12539 a prime number?
True
Is 50411 prime?
True
Is 1409 a composite number?
False
Is 419 composite?
False
Is 16997 a composite number?
True
Is 396743 a prime number?
False
Is 80521 a composite number?
True
Is 8509 prime?
False
Is 3455 a prime number?
